{"id":1822,"date":"2023-02-15T00:16:17","date_gmt":"2023-02-15T00:16:17","guid":{"rendered":"https:\/\/portodegalinhas.store\/?page_id=1822"},"modified":"2023-02-16T17:23:51","modified_gmt":"2023-02-16T17:23:51","slug":"muro-alto","status":"publish","type":"page","link":"https:\/\/portodegalinhas.store\/index.php\/muro-alto\/","title":{"rendered":"Muro Alto"},"content":{"rendered":"\t\t<div data-elementor-type=\"wp-page\" data-elementor-id=\"1822\" class=\"elementor elementor-1822\">\n\t\t\t\t\t\t\t\t\t<section class=\"elementor-section elementor-top-section elementor-element elementor-element-de5db58 elementor-section-boxed elementor-section-height-default elementor-section-height-default\" data-id=\"de5db58\" data-element_type=\"section\" data-settings=\"{&quot;background_background&quot;:&quot;classic&quot;}\">\n\t\t\t\t\t\t<div class=\"elementor-container elementor-column-gap-default\">\n\t\t\t\t\t<div class=\"elementor-column elementor-col-100 elementor-top-column elementor-element elementor-element-9006edd\" data-id=\"9006edd\" data-element_type=\"column\">\n\t\t\t<div class=\"elementor-widget-wrap elementor-element-populated\">\n\t\t\t\t\t\t\t\t<div class=\"elementor-element elementor-element-68767c4 elementor-widget elementor-widget-heading\" data-id=\"68767c4\" data-element_type=\"widget\" data-widget_type=\"heading.default\">\n\t\t\t\t<div class=\"elementor-widget-container\">\n\t\t\t<style>\/*! elementor - v3.10.2 - 29-01-2023 *\/\n.elementor-heading-title{padding:0;margin:0;line-height:1}.elementor-widget-heading .elementor-heading-title[class*=elementor-size-]>a{color:inherit;font-size:inherit;line-height:inherit}.elementor-widget-heading .elementor-heading-title.elementor-size-small{font-size:15px}.elementor-widget-heading .elementor-heading-title.elementor-size-medium{font-size:19px}.elementor-widget-heading .elementor-heading-title.elementor-size-large{font-size:29px}.elementor-widget-heading .elementor-heading-title.elementor-size-xl{font-size:39px}.elementor-widget-heading .elementor-heading-title.elementor-size-xxl{font-size:59px}<\/style><h2 class=\"elementor-heading-title elementor-size-default\">Muro Alto<\/h2>\t\t<\/div>\n\t\t\t\t<\/div>\n\t\t\t\t\t<\/div>\n\t\t<\/div>\n\t\t\t\t\t\t\t<\/div>\n\t\t<\/section>\n\t\t\t\t<section class=\"elementor-section elementor-top-section elementor-element elementor-element-15d08b0 elementor-section-boxed elementor-section-height-default elementor-section-height-default\" data-id=\"15d08b0\" data-element_type=\"section\">\n\t\t\t\t\t\t<div class=\"elementor-container elementor-column-gap-default\">\n\t\t\t\t\t<div class=\"elementor-column elementor-col-100 elementor-top-column elementor-element elementor-element-60c5c79\" data-id=\"60c5c79\" data-element_type=\"column\">\n\t\t\t<div class=\"elementor-widget-wrap elementor-element-populated\">\n\t\t\t\t\t\t\t\t<div class=\"elementor-element elementor-element-b7b1c58 elementor-widget elementor-widget-text-editor\" data-id=\"b7b1c58\" data-element_type=\"widget\" data-widget_type=\"text-editor.default\">\n\t\t\t\t<div class=\"elementor-widget-container\">\n\t\t\t<style>\/*! elementor - v3.10.2 - 29-01-2023 *\/\n.elementor-widget-text-editor.elementor-drop-cap-view-stacked .elementor-drop-cap{background-color:#818a91;color:#fff}.elementor-widget-text-editor.elementor-drop-cap-view-framed .elementor-drop-cap{color:#818a91;border:3px solid;background-color:transparent}.elementor-widget-text-editor:not(.elementor-drop-cap-view-default) .elementor-drop-cap{margin-top:8px}.elementor-widget-text-editor:not(.elementor-drop-cap-view-default) .elementor-drop-cap-letter{width:1em;height:1em}.elementor-widget-text-editor .elementor-drop-cap{float:left;text-align:center;line-height:1;font-size:50px}.elementor-widget-text-editor .elementor-drop-cap-letter{display:inline-block}<\/style>\t\t\t\t<p>A Praia de Muro Alto \u00e9 uma das praias mais famosas do Litoral Sul de Pernambuco, localizada no munic\u00edpio de Ipojuca, a cerca de 9 km da Praia de Porto de Galinhas. A praia \u00e9 conhecida por sua beleza natural e por suas piscinas naturais de \u00e1guas cristalinas, protegidas por um muro de arrecifes que se estende por mais de 2 km ao longo da praia.<\/p><p>A Praia de Muro Alto \u00e9 uma praia bastante extensa, com uma faixa de areia branca e fina, coqueiros e vegeta\u00e7\u00e3o nativa. \u00c9 um lugar ideal para caminhar, relaxar e curtir o sol. A praia tamb\u00e9m oferece muitas op\u00e7\u00f5es de lazer, como a pr\u00e1tica de esportes aqu\u00e1ticos, como o caiaque, stand-up paddle, mergulho e passeios de barco.<\/p><p>As piscinas naturais de Muro Alto s\u00e3o o grande destaque da praia. As \u00e1guas s\u00e3o calmas e cristalinas, e a profundidade varia de acordo com a mar\u00e9. \u00c9 poss\u00edvel nadar, mergulhar e ver a vida marinha de perto, rodeado por peixes coloridos e corais.<\/p><p>A Praia de Muro Alto tamb\u00e9m conta com uma boa infraestrutura de bares e restaurantes, que oferecem petiscos, bebidas e pratos t\u00edpicos da culin\u00e1ria pernambucana. Al\u00e9m disso, a praia \u00e9 um ponto de partida para passeios de buggy pela regi\u00e3o, que permitem conhecer outras praias e atrativos tur\u00edsticos da regi\u00e3o.<\/p><p>Em resumo, a Praia de Muro Alto \u00e9 um lugar espetacular para quem busca um ambiente tranquilo e bonito para descansar, com muitas op\u00e7\u00f5es de lazer e gastronomia t\u00edpica da regi\u00e3o. A combina\u00e7\u00e3o das piscinas naturais com a beleza da praia e a boa infraestrutura de servi\u00e7os tornam esse lugar um destino imperd\u00edvel para quem visita o Litoral Sul de Pernambuco.<\/p>\t\t\t\t\t\t<\/div>\n\t\t\t\t<\/div>\n\t\t\t\t\t<\/div>\n\t\t<\/div>\n\t\t\t\t\t\t\t<\/div>\n\t\t<\/section>\n\t\t\t\t\t\t\t<\/div>\n\t\t","protected":false},"excerpt":{"rendered":"<p>Muro Alto A Praia de Muro Alto \u00e9 uma das praias mais famosas do Litoral Sul de Pernambuco, localizada no munic\u00edpio de Ipojuca, a cerca de 9 km da Praia de Porto de Galinhas. A praia \u00e9 conhecida por sua beleza natural e por suas piscinas naturais de \u00e1guas cristalinas, protegidas por um muro de [&hellip;]<\/p>\n","protected":false},"author":1,"featured_media":0,"parent":0,"menu_order":0,"comment_status":"closed","ping_status":"closed","template":"","meta":{"om_disable_all_campaigns":false,"_mi_skip_tracking":false},"aioseo_notices":[],"_links":{"self":[{"href":"https:\/\/portodegalinhas.store\/index.php\/wp-json\/wp\/v2\/pages\/1822"}],"collection":[{"href":"https:\/\/portodegalinhas.store\/index.php\/wp-json\/wp\/v2\/pages"}],"about":[{"href":"https:\/\/portodegalinhas.store\/index.php\/wp-json\/wp\/v2\/types\/page"}],"author":[{"embeddable":true,"href":"https:\/\/portodegalinhas.store\/index.php\/wp-json\/wp\/v2\/users\/1"}],"replies":[{"embeddable":true,"href":"https:\/\/portodegalinhas.store\/index.php\/wp-json\/wp\/v2\/comments?post=1822"}],"version-history":[{"count":10,"href":"https:\/\/portodegalinhas.store\/index.php\/wp-json\/wp\/v2\/pages\/1822\/revisions"}],"predecessor-version":[{"id":2201,"href":"https:\/\/portodegalinhas.store\/index.php\/wp-json\/wp\/v2\/pages\/1822\/revisions\/2201"}],"wp:attachment":[{"href":"https:\/\/portodegalinhas.store\/index.php\/wp-json\/wp\/v2\/media?parent=1822"}],"curies":[{"name":"wp","href":"https:\/\/api.w.org\/{rel}","templated":true}]}}